(k) = -2*k + 4. Give n(-2).
8
Let k(t) = t**3 + 6*t**2 - 5*t - 7. Calculate k(-5).
43
Let n(t) = 20*t + 405. Calculate n(-20).
5
Let o(t) = -5*t**2 + 92*t - 40. Give o(18).
-4
Let r(c) = c**2 + 18*c + 6. Determine r(-10).
-74
Let a(s) = -2*s - 41. Determine a(-6).
-29
Let x(w) = 5*w + 4. Give x(-2).
-6
Let c(s) = -9*s. Determine c(4).
-36
Let p(o) = -o**2 + 7*o + 2. Give p(8).
-6
Let s(n) = -n**3 + 6*n**2 - 6*n - 3. Determine s(5).
-8
Let p(j) = -j**2 + 20*j - 24. What is p(18)?
12
Let d(l) = -l**3 + 7*l**2 + 2*l - 10. Determine d(7).
4
Let h(d) = d**3 - 34*d**2 - 33*d - 83. What is h(35)?
-13
Let z(y) = 3*y + 46. Determine z(-16).
-2
Let r(k) = k**3 + 10*k**2 + 30*k + 25. Calculate r(-6).
-11
Let p(h) = -25*h**2. Give p(-1).
-25
Let o(a) = -18*a**3 + 2*a**2 + 2*a + 1. Determine o(-1).
19
Let i(c) = -4*c**3 - 4*c**2 + 7*c + 2. Calculate i(-2).
4
Let l(j) = 3*j**2 + 25*j + 1. Determine l(-8).
-7
Let v(j) = j**2 + j - 23. Determine v(-5).
-3
Let b(z) = 4*z - 167. Calculate b(43).
5
Let b(q) = -11*q - 11. Give b(0).
-11
Let i(s) = s**2 + 8*s - 39. Give i(-11).
-6
Let g(d) = d**2 - 7*d - 16. Give g(7).
-16
Let c(q) = -q**2 - 4*q + 2. Calculate c(-4).
2
Let m(a) = a**3 + 12*a**2 + 16*a + 11. Give m(-11).
-44
Let i(g) = g**2 - 27*g + 114. Give i(21).
-12
Let f(h) = -h**3 - 11*h**2 - 11*h. Determine f(-10).
10
Let s(c) = -c**3 - 24*c**2 + 18*c - 186. Calculate s(-25).
-11
Let f(w) = -w**3 - 6*w**2 - 18*w - 95. Give f(-5).
-30
Let w(h) = -8*h - 75. What is w(-21)?
93
Let j(n) = 7*n**2 + 28*n. Give j(-3).
-21
Let c(s) = -3*s**2 - 10*s + 4. Give c(-8).
-108
Let u(f) = 2*f + 19. Determine u(-9).
1
Let h(q) = 12*q**2 + 564*q - 6. Give h(-47).
-6
Let j(g) = -13*g - 41. Determine j(-3).
-2
Let a(k) = -k**3 - 4*k**2 - k + 7. Give a(-5).
37
Let n(b) = 2*b**2 + 9*b - 20. Calculate n(-9).
61
Let p(c) = -3*c - 6. Give p(-5).
9
Let l(p) = -p**2 + 6*p + 25. Determine l(10).
-15
Let v(i) = i**2 + 7*i + 3. What is v(-4)?
-9
Let k(h) = 3*h + 9. Give k(-1).
6
Let k(l) = l + 15. Give k(-12).
3
Let r(f) = -3*f**2 + 2*f - 2. What is r(1)?
-3
Let z(o) = -o**2 - 5*o + 5. What is z(-7)?
-9
Let j(g) = g**3 - 8*g**2 + 7*g + 1. Calculate j(7).
1
Let b(m) = -2*m**3 - 41*m**2 + 15*m - 132. Give b(-21).
-6
Let g(j) = -j**2 + 7*j + 6. Calculate g(7).
6
Let a(d) = -10*d + 93. Calculate a(9).
3
Let l(x) = 4*x**3 - 2*x**2 - 4*x + 4. What is l(3)?
82
Let s(m) = m + 23. Calculate s(-29).
-6
Let z(d) = -d**2 - 10*d + 20. What is z(-13)?
-19
Let z(t) = t - 6. Give z(-8).
-14
Let g(c) = 2*c + 6. Calculate g(3).
12
Let k(m) = -m**3 - 15*m**2 - 15*m + 16. Determine k(-14).
30
Let o(y) = -4*y - 71. Determine o(-16).
-7
Let v(u) = -u**2 - 17*u - 2. Calculate v(-17).
-2
Let a(q) = -q**3 + 8*q**2 - 12*q + 6. Calculate a(6).
6
Let g(w) = -w**3 - 18*w**2 - 82*w - 17. Determine g(-10).
3
Let u(b) = b**2 + 9*b + 9. Calculate u(-7).
-5
Let b(c) = 4*c**2 - 94*c - 55. What is b(24)?
-7
Let q(n) = -n**2 - n + 26. What is q(8)?
-46
Let b(t) = t + 4. Give b(-4).
0
Let j(f) = 5*f - 7. Give j(5).
18
Let s(b) = -2*b**3 + 19*b**2 + 9*b + 6. What is s(10)?
-4
Let a(i) = i + 14. What is a(-22)?
-8
Let m(f) = f**3 + 3*f**2 - 8*f + 3. What is m(-5)?
-7
Let c(a) = -a - 15. Calculate c(-17).
2
Let n(f) = f**2 - 2*f - 2. Give n(-4).
22
Let p(j) = -j. Calculate p(6).
-6
Let o(j) = 5*j**2 + 59*j - 16. Calculate o(-12).
-4
Let y(o) = -4*o**2 - 61*o + 4. Give y(-16).
-44
Let f(p) = -3*p - 55. What is f(-16)?
-7
Let f(k) = 4*k + 26. Calculate f(-8).
-6
Let p(u) = 7*u + 8. What is p(4)?
36
Let t(v) = 3*v**2 - 3*v + 2. Give t(1).
2
Let n(u) = -u**2 + 31*u - 147. What is n(6)?
3
Let x(v) = -v**3 - 12*v**2 + 12*v - 4. Determine x(-13).
9
Let b(d) = -d**3 - 2*d**2 - 17*d - 33. What is b(-2)?
1
Let x(g) = -3*g**3 - g**2 + g. Give x(2).
-26
Let v(n) = n**3 + 26*n**2 - 3*n - 45. Give v(-26).
33
Let k(q) = -q**2 + 8*q - 2. Calculate k(8).
-2
Let p(v) = 2*v**3 - 51*v**2 - 25*v - 66. What is p(26)?
-40
Let o(t) = -80*t + 136. Determine o(2).
-24
Let q(j) = 2*j**2 + 2*j - 5. Calculate q(-4).
19
Let v(n) = n**3 + 6*n**2 + 2*n + 1. Determine v(-6).
-11
Let l(q) = q**3 - 5*q**2 - 15*q - 8. Calculate l(6).
-62
Let q(j) = 5*j + 55. Calculate q(-13).
-10
Let h(x) = x**2 - 9*x + 15. What is h(7)?
1
Let b(v) = 11*v + 114. What is b(-9)?
15
Let c(r) = 3*r**2 + 21*r + 3. What is c(-6)?
-15
Let p(y) = -y**2 + 9*y - 4. Calculate p(9).
-4
Let k(j) = j**2 + 13*j - 1. Calculate k(-9).
-37
Let y(p) = -p**2 + 16*p + 225. Give y(25).
0
Let a(p) = p**3 + 2*p**2 - 5*p + 1. What is a(-3)?
7
Let r(t) = 2*t**2 + 3*t + 12. What is r(-5)?
47
Let g(f) = 3*f + 5. Give g(6).
23
Let a(r) = r**3 - 6*r**2 + 10*r - 10. Calculate a(7).
109
Let i(g) = -10*g + 37. Determine i(4).
-3
Let k(v) = v - 14. Calculate k(8).
-6
Let g(r) = r**2 + 11*r - 16. Determine g(-12).
-4
Let y(u) = -14*u + 8. Determine y(1).
-6
Let z(u) = -u**2 - 2*u - 37. Calculate z(0).
-37
Let b(p) = p**3 + 10*p**2 - 9*p + 3. Calculate b(-8).
203
Let z(f) = -f**3 + 4*f**2 + 10*f + 9. Determine z(6).
-3
Let t(m) = -2*m**2 + 9*m - 3. Determine t(6).
-21
Let g(r) = 3*r**2 + r + 1. Calculate g(-1).
3
Let q(a) = 3*a**2 + 18*a + 53. Give q(-4).
29
Let d(t) = -t**3 + 5*t**2 + t - 2. Calculate d(5).
3
Let m(u) = -u - 43. Determine m(0).
-43
Let b(k) = -6*k**2 + 3*k + 2. Give b(-1).
-7
Let g(i) = -18*i - 4. Calculate g(-4).
68
Let v(t) = -4*t - 43. Determine v(-1).
-39
Let s(q) = -q**2 - q + 76. What is s(-9)?
4
Let c(v) = v**3 - 12*v**2 + 6*v - 4. What is c(11)?
-59
Let u(x) = -2*x**2 + 51*x - 25. What is u(25)?
0
Let k(p) = 13*p + 9. Calculate k(3).
48
Let x(q) = 3*q**2 + 33*q - 28. Calculate x(-14).
98
Let q(g) = -g - 2. What is q(3)?
-5
Let i(f) = -5*f**3 - 8*f**2 - 5*f - 1. Give i(-1).
1
Let s(h) = h**2 - 2*h + 1. Calculate s(4).
9
Let f(j) = -77*j - 301. Give f(-4).
7
Let b(f) = 3*f - 23. Give b(15).
22
Let g(b) = -41*b + 144. Calculate g(4).
-20
Let b(u) = -u**2 + 43*u + 355. Calculate b(-7).
5
Let d(u) = -u**2 - 16*u + 5. What is d(-18)?
-31
Let t(b) = -b**2 + 13*b + 1. What is t(8)?
41
Let t(c) = c**3 + 8*c**2 + 8*c + 14. Determine t(-7).
7
Let i(a) = a**3 - 8*a**2 - 22*a - 1. What is i(11)?
120
Let y(w) = w**3 + 8*w**2 + 11*w - 8. What is y(-6)?
-2
Let m(x) = -9*x - 183. Give m(-17).
-30
Let f(b) = -12*b + 1. Give f(2).
-23
Let o(c) = -2*c - 15. Give o(-8).
1
Let r(m) = 4*m + 193. Give r(-35).
53
Let d(x) = -x**2 + 36*x - 169. Give d(30).
11
Let f(w) = w**3 + 6*w**2 + 11*w + 5. Give f(-3).
-1
Let f(r) = -r**3 - 8*r**2 + 2*r + 3. Determine f(-5).
-82
Let s(d) = 2*d + 46. What is s(-7)?
32
Let z(n) = -n**3 - 4*n**2 + 11*n + 9. Calculate z(-6).
15
Let g(q) = q**2 + 2*q - 1. Determine g(-2).
-1
Let u(n) = -n**2 + 18*n - 13. Calculate u(16).
19
Let b(j) = -4*j**2 - 5*j - 4. Calculate b(-1).
-3
Let m(u) = -u**2 + 13*u - 20. Calculate m(11).
2
Let j(s) = 38*s - 16. What is j(4)?
136
Let p(d) = -7*d - 26. Give p(-10).
44
Let i(u) = -9*u - 211. Determine i(-23).
-4
Let h(k) = -k**2 + 89*k + 177. What is h(-2)?
-5
Let s(h) = 6*h**3 - 98*h**2 + 31*h + 10. Give s(16).
-6
Let l(j) = 40*j + 109. Give l(-2).
29
Let a(n) = 9*n + 2. Calculate a(-4).
-34
Let l(s) = s**3 + 2*s**2 - 12*s - 14. Calculate l(-4).
2
Let t(a) = -4*a - 2. Calculate t(-6).
22
Let y(l) = l**2 - 6*l + 4. Give y(6).
4
Let r(s) = -s**3 + 5*s**2 + 2*s - 8. Give r(5).
2
Let f(j) = -15*j - 407. Determine f(-27).
-2
Let w(d) = 7*d - 37. Calculate w(3).
-16
Let s(h) = 3*h - 67. What is s(26)?
11
Let v(i) = -i**2 - 3*i + 3. Give v(3).
-15
Let t(h) = h**3 + 23*h**2 - 25*h - 4. Determine t(-24).
20
Let m(b) = -6*b - 138. What is m(-22)?
-6
Let c(w) = -w**3 + 11*w**2 + 25*w + 6. Calculate c(13).
-7
Let w(x) = -7*x. Determine w(-9).
63
Let x(b) = -b**3 - 20*b**2 - 3*b - 59. Calculate x(-20).
1
Let w(c) = -6*c + 1. What is w(2)?
-11
Let w(c) = 25*c - 1. Give w(-1).
-26
Let m(l) = 5*l + 91. Determine m(-25).
-34
Let c(s) = s**2 + 19*s - 30. Calculate c(-9).
-120
Let m(j) = -77*j + 152. Give m(2).
-2
Let k(q) = -q**3 + 8*q**2 - 10*q + 13. Calculate k(7).
-8
Let a(p) = -p**2 + 2*p + 3. Calculate a(-2).
-5
Let c(w) = -12*w + 20. Determine c(-4).
68
Let r(h) = -h**3 + 18*h**2 - 31*h - 9. Give r(16).
7
Let w(s) = -s + 5. What is w(4)?
1
Let j(p) = 5*p**2 - 7*p - 21. What is j(-3)?
45
Let w(a) = -a**3 - 2*a + 4. What is w(3)?
-29
Let o(v) = v**3 + 8*v**2 - 